et o = -15 + n. Is o a composite number?
False
Suppose 82*q = 86*q - 10552. Is q a prime number?
False
Let j(k) = -k**3 + 4*k**2 - 2. Let v be j(4). Is 8/(-2) - 0/v - -239 a prime number?
False
Let w(q) be the third derivative of q**5/20 - 7*q**4/24 + 11*q**3/6 - 4*q**2. Is w(-8) composite?
True
Let h = 155 - -11. Let z = 534 - h. Let a = z - 145. Is a a composite number?
False
Suppose -n + 870 + 302 = 0. Let j = 1974 - n. Is j a composite number?
True
Let d(t) = 129*t**3 - 2*t**2 + 5*t - 3. Is d(2) a prime number?
True
Suppose -23795 = -5*j + 2*l, -3*l = -16*j + 12*j + 19036. Is j composite?
False
Let f be 3/(-2) - 6/(-4). Let s = -81 + 83. Suppose f*k = -s*k + 254. Is k composite?
False
Let s(j) = 57*j - 634. Is s(35) composite?
False
Suppose -43*v + 9333 = -625304. Is v composite?
False
Let v(c) = c**2 - 4*c + 399. Let d(p) = -p. Let o(i) = -6*d(i) + v(i). Let s be o(0). Let u = -64 + s. Is u prime?
False
Is 2211651/156 + 1/(-8)*2 prime?
True
Is (-5)/((-5)/19032) - (-3)/3 a composite number?
True
Suppose 6*h = 8*h + 8. Let q(o) = -o**2 - 4*o + 4. Let t be q(h). Suppose -y + 0*f + 141 = t*f, 0 = -5*f - 10. Is y a prime number?
True
Let o(t) = 51*t**2 + 29*t + 155. Is o(-6) a prime number?
False
Suppose -k - 6 = -28. Let x(h) = -322*h + 3. Let z(p) = -2255*p + 22. Let v(o) = k*x(o) - 3*z(o). Is v(-1) composite?
True
Let n(j) = 762*j**2 - 2*j - 5. Let z be n(-4). Is (1/(-2) - 1) + z/6 a composite number?
True
Let t = 626 + -435. Suppose -t = -2*w + w. Is w a composite number?
False
Let p = 1738 + 541. Is p a composite number?
True
Let v(c) = -14 - 41*c - 69*c + 1. Is v(-10) composite?
False
Let o be (-12)/15*(-45)/6. Suppose o*f - 8*f = 0. Suppose i - l = 144, 3*i - 4*l - 326 - 101 = f. Is i a composite number?
False
Let j = -13 + 15. Suppose -6*u - 2*d = -2*u - 16, 0 = j*u - d - 12. Suppose -u*t = -1006 - 319. Is t composite?
True
Let u(v) = 41*v**2 - 2*v - 22. Is u(7) a composite number?
False
Let c = 80 - 81. Is 12/36*(572 - c) prime?
True
Let g = -497 - -4146. Is g composite?
True
Let q be (1/(-2))/((-3)/(-12)). Let p = 2 + q. Suppose p = -4*n, -4*a - 2*n + 1506 = 502. Is a composite?
False
Let l = -205 - -91. Let z = l + 56. Let h = z + 107. Is h composite?
True
Let o(u) = -365*u**3 + 2*u**2 + 2. Let g be o(-2). Suppose 11*m - m = g. Is m prime?
True
Let n = -5373 - -13172. Is n a prime number?
False
Let l be (1 + 2)/(9/21234). Suppose -7*y - 645 = -l. Is y a composite number?
False
Let a = 1399 + -818. Is a prime?
False
Let u(p) = -28 + 72*p + 13 + 12. Is u(3) composite?
True
Let p(o) be the first derivative of 220*o**3/3 - 23*o + 17. Is p(-4) a composite number?
True
Let n = 35 + -31. Suppose n*g = 166 + 366. Is g a prime number?
False
Suppose -16*v + 252603 + 402229 = 0. Is v composite?
False
Suppose 2*o - 2110 = -5*u, o - 2*o + 1055 = -4*u. Is o a prime number?
False
Suppose 0 = -2*c - c + 6. Suppose 3*a = v + 981, -2*a - c*v + 36 = -618. Is a a prime number?
False
Let x(c) = 4*c**2 - 1. Let w be -3 + (2 - 2/(-1)). Let p be x(w). Suppose 5*b = 4*b - 2*v + 545, 0 = -3*b - p*v + 1638. Is b prime?
True
Let b(f) = -2*f**3 + 19*f**2 + 11*f + 5. Let r(o) = -o**3 + 10*o**2 + 5*o + 2. Let a(k) = -6*b(k) + 11*r(k). Let g be a(10). Let m = g - 323. Is m composite?
True
Let a(u) = -2*u - 13. Let v(p) = 3*p + 26. Let l(x) = -11*a(x) - 6*v(x). Let h be l(4). Is 3 - (-9 + (-3)/h) composite?
False
Suppose -5*o - 5*c = -5790, 5*c = 2*o + 4*c - 2313. Is o composite?
True
Let r(s) = -s**2 - 4*s. Let q be r(-4). Let b(z) = -z**3 + z**2 + z + 20. Let l be b(q). Suppose 3*t - 2*v - 473 = 0, -3*v + l = v. Is t a prime number?
False
Suppose 15*z = 8*z + 63. Suppose 4*j = z*j - 1255. Is j prime?
True
Suppose -v = -2*w - 7759, w - 10 = -w. Is v a composite number?
True
Let j(u) = 132*u**2 - 7*u - 46. Is j(-9) prime?
True
Suppose -3439 = -d + 3*l, 3*d - 68*l = -63*l + 10301. Is d a prime number?
False
Let m = 1086 - -109. Is m a composite number?
True
Suppose -4*m - m = -10165. Let k = m + -1056. Is k prime?
True
Let h = 8904 + -6170. Is h a composite number?
True
Let d(c) = -c**3 - 8*c**2 - 5*c + 3. Let s be d(-5). Let o = s - -456. Is o a composite number?
False
Let c(p) = 28*p**3 + 4*p**2 - 3*p - 4. Let l be c(3). Suppose -153 - l = 4*k. Let j = k + 531. Is j prime?
False
Let h be 1/1*-2 + 0. Let g = -108 - -112. Is (147 - h)*(g + -3) prime?
True
Let b(u) = 111*u - 35. Is b(6) a prime number?
True
Let k(d) be the third derivative of 29*d**5/30 + d**4/24 + d**2. Suppose 2*m - 5*m = -3. Is k(m) a composite number?
False
Let s(i) = i**2 + 11*i - 10. Let x be s(-12). Suppose -x*c = -c - 71. Is c composite?
False
Let a(p) = -104*p**3 - 2*p**2 + 15*p + 20. Is a(-5) prime?
False
Let f(y) = -65*y - 3. Let u be f(2). Let p = u - -450. Suppose 0 = 4*j + 20, -2*z = -j + 26 - p. Is z a prime number?
False
Suppose 0 = -q + 4*q - 6. Suppose 3*r + q*u - 16 = 0, 2 = -2*r + 3*r - u. Is 622 - 2*r/(-8) a composite number?
True
Let l(m) = 16*m**3 - 2*m**2 + 1. Let p be l(1). Let o be p/(-10)*8/3. Is (-150)/o + 3/2 a prime number?
False
Suppose -3*o - 3179 + 248 = 0. Is o/1*-1 - 0 a prime number?
True
Suppose 0 = 4*w - 3*w - 4*c - 22, -2*c + 94 = 2*w. Suppose -w - 706 = -4*u. Suppose 4*o = 3*o + u. Is o composite?
True
Let k = 16 + -27. Let p(w) = w**3 + 11*w**2 + 2. Let y be p(k). Suppose -4*z + 8 = 0, 0 = y*x - z - z - 10. Is x prime?
True
Let c(a) = -a**3 + a**2 + 2*a + 5. Let t be c(0). Suppose -y - t*b = -360, y + 5*b - 700 = -y. Suppose -4*x - 112 + y = 0. Is x a composite number?
True
Let q = 559 - 548. Let l(j) = 13*j**2 + 2*j - 13 - 4*j**3 + 3*j**3 - 10*j. Is l(q) a prime number?
False
Suppose 5*g - 110516 - 71549 = 0. Is g prime?
False
Suppose 2*h = -0 + 12. Suppose -h*n = -10*n + 1804. Let u = n + -318. Is u a prime number?
False
Suppose 0 = 5*z - 0*z - b - 20, b = -2*z + 1. Suppose 0 = -x - 3*m - 7, -z*x + 1 = 4*m - 6*m. Let n = 179 + x. Is n a prime number?
False
Let r = 17331 - 11138. Is r a composite number?
True
Suppose 4*c + 4*g = 4, 2*c = 4*g - 10 - 12. Let m be (-2 - c)/(1/5). Suppose 0 = -5*i - h + 2*h + 939, -m*i - 5*h + 915 = 0. Is i prime?
False
Suppose 0*p - 2*p = 2*g - 908, 4*p - 5*g = 1780. Let z = p - 191. Is z a prime number?
False
Let t(l) = 22*l + 0 - l**3 + 7 - 20*l. Let p be 46/(-8) - 1/4. Is t(p) prime?
True
Suppose -14*d + 19*d - 18456 = -s, d = -s + 18476. Is s prime?
True
Let y be (6/(-1))/((-15)/3970). Suppose -38*g + y = -34*g. Is g a composite number?
False
Suppose -3*n = -b + 99, 3*b - 48 - 241 = n. Let a = 85 + b. Is a composite?
False
Suppose -3*a + 7 = -5. Suppose -395 = -a*x - x. Suppose -3*n + 2*n + x = 0. Is n composite?
False
Suppose -5*v = 4*z + 45, -6*z = 4*v - 4*z + 36. Let k = v + 5. Is 77/1 + (-2 - k) a composite number?
False
Let s = -9 - -17. Is 118 + (1/4)/(s/96) a prime number?
False
Let n = -1109 + 2190. Is n composite?
True
Let c = -12021 + 18406. Is c prime?
False
Is 1036 + (-2)/(-6)*15 a prime number?
False
Is (((-6)/(-1))/(-3))/(10/(-36535)) a composite number?
False
Let o = -208 - -474. Let b = o - 115. Suppose -m + 678 = b. Is m a composite number?
True
Let c be -6*((-39)/(-9) - 4). Let f be -4 - (0 - c)/(-1). Is (-5 - -3)/f*581 prime?
False
Suppose 40 = -2*v - 4*t, -3*t = -3*v - 27 - 42. Let z = 22 + v. Suppose 53 = i - 3*w, 2*w + 232 = -z*i + 4*i. Is i composite?
False
Suppose 0*k = 3*k - 6, -5*x + 2*k = 4. Suppose -2*y - 2*y + 16812 = -4*l, 5*y + l - 21003 = x. Is y a composite number?
False
Suppose 0 = -2*b + 3*b - 1, -5*o - b = -2856. Suppose -3*s + 884 = -o. Suppose 0 = -n + 6*n - s. Is n prime?
True
Let z(n) = -3376*n - 485. Is z(-3) composite?
False
Let v = 35 + -30. Suppose -4*y - 4*k + 2326 + 1354 = 0, 3*y - 3*k = 2790. Suppose 310 + y = v*d. Is d a prime number?
False
Let j(v) = v**2 - 7*v + 5. Let y be -3 - -4 - 7/(-1). Suppose -i + 2 = y. Is j(i) a composite number?
False
Let a(l) = -9*l**2 - 4*l + 4. Let b be a(5). Let f(d) = -5*d**3 + 6*d**2 + 5*d - 2. Let n be f(5). Let k = b - n. Is k prime?
True
Let m = 381 + 138. Is m composite?
True
Suppose -9*f = -0*f - 224253. Is f prime?
True
Let d be ((-33)/(-6))/(2/(-60)). Let i = -357 - d. Let r = i + 485. Is r composite?
False
Suppose 13*y - 71 = 761. Let m = y - -25. Is m prime?
True
Suppose -7*w - 143131 = -48*w. Is w composite?
False
Let n be (-9)/